 16646391?
3, 151, 1361
List the prime factors of 1920485.
5, 7, 37, 1483
What are the prime factors of 3250907?
11, 67, 401
List the prime factors of 4325925.
3, 5, 57679
What are the prime factors of 1673115?
3, 5, 71, 1571
What are the prime factors of 713723?
59, 12097
What are the prime factors of 95459?
7, 13, 1049
What are the prime factors of 40493?
40493
List the prime factors of 567691.
37, 67, 229
List the prime factors of 244110.
2, 3, 5, 79, 103
What are the prime factors of 1544659?
1544659
What are the prime factors of 551592?
2, 3, 47, 163
List the prime factors of 833822.
2, 11, 151, 251
List the prime factors of 134755.
5, 26951
List the prime factors of 53960.
2, 5, 19, 71
List the prime factors of 9042928.
2, 565183
What are the prime factors of 171924?
2, 3, 14327
What are the prime factors of 21268?
2, 13, 409
List the prime factors of 5489220.
2, 3, 5, 11, 8317
List the prime factors of 89929.
7, 29, 443
What are the prime factors of 11152443?
3, 29, 128189
What are the prime factors of 4500743?
13, 461, 751
What are the prime factors of 1538737?
83, 18539
What are the prime factors of 25746001?
25746001
What are the prime factors of 1824319?
7, 31, 1201
List the prime factors of 3264366.
2, 3, 7, 77723
What are the prime factors of 47781?
3, 5309
List the prime factors of 341496.
2, 3, 17, 31
What are the prime factors of 234206?
2, 7, 16729
List the prime factors of 645316.
2, 7, 19, 1213
What are the prime factors of 522821?
13, 131, 307
List the prime factors of 10359733.
457, 22669
What are the prime factors of 113672?
2, 13, 1093
What are the prime factors of 1094677?
47, 23291
List the prime factors of 2473624.
2, 241, 1283
What are the prime factors of 273982?
2, 136991
What are the prime factors of 2480573?
23, 29, 3719
List the prime factors of 428733.
3, 67, 79
List the prime factors of 14010364.
2, 29, 120779
List the prime factors of 581925.
3, 5, 7759
What are the prime factors of 156742?
2, 109, 719
List the prime factors of 3715054.
2, 7, 79, 3359
What are the prime factors of 14933766?
2, 3, 2488961
List the prime factors of 271515.
3, 5, 23, 787
List the prime factors of 24844.
2, 6211
What are the prime factors of 4068840?
2, 3, 5, 41, 827
What are the prime factors of 5088032?
2, 17, 47, 199
List the prime factors of 3361830.
2, 3, 5, 112061
What are the prime factors of 1644734?
2, 7, 13, 1291
List the prime factors of 574176.
2, 3, 5981
List the prime factors of 249794.
2, 124897
What are the prime factors of 502519?
79, 6361
List the prime factors of 2938062.
2, 3, 489677
List the prime factors of 1912269.
3, 637423
List the prime factors of 737265.
3, 5, 23, 2137
List the prime factors of 458377.
458377
List the prime factors of 29421.
3, 7, 467
What are the prime factors of 236066?
2, 118033
List the prime factors of 99782.
2, 49891
What are the prime factors of 9701430?
2, 3, 5, 323381
List the prime factors of 157120.
2, 5, 491
List the prime factors of 281464.
2, 151, 233
What are the prime factors of 2074850?
2, 5, 17, 2441
List the prime factors of 5991216.
2, 3, 7, 11, 1621
List the prime factors of 1816191.
3, 13, 19, 43
List the prime factors of 1524559.
29, 52571
List the prime factors of 2430491.
7, 103, 3371
What are the prime factors of 4849877?
89, 54493
List the prime factors of 3584137.
3584137
List the prime factors of 4444497.
3, 17, 23, 421
What are the prime factors of 13023543?
3, 13, 23, 14519
What are the prime factors of 6993180?
2, 3, 5, 38851
What are the prime factors of 507685?
5, 101537
What are the prime factors of 5625807?
3, 11, 151, 1129
List the prime factors of 2097508.
2, 7, 23, 3257
What are the prime factors of 775193?
775193
List the prime factors of 432856.
2, 61, 887
List the prime factors of 12668594.
2, 6334297
List the prime factors of 333158.
2, 7, 53, 449
What are the prime factors of 2954831?
11, 43, 6247
What are the prime factors of 1789342?
2, 71, 12601
What are the prime factors of 520111?
520111
List the prime factors of 1790162.
2, 11, 81371
List the prime factors of 286123.
359, 797
What are the prime factors of 367631?
11, 19, 1759
What are the prime factors of 14965178?
2, 131, 57119
What are the prime factors of 4653322?
2, 2326661
List the prime factors of 1131867.
3, 11, 37, 103
List the prime factors of 203847.
3, 7, 17, 571
List the prime factors of 846947.
67, 12641
What are the prime factors of 4033353?
3, 53, 25367
What are the prime factors of 606211?
23, 26357
List the prime factors of 2370051.
3, 71, 3709
What are the prime factors of 48161?
17, 2833
List the prime factors of 43840.
2, 5, 137
List the prime factors of 3697304.
2, 13, 73, 487
List the prime factors of 4268794.
2, 347, 6151
What are the prime factors of 444249?
3, 13, 3797
List the prime factors of 426853.
7, 17, 211
List the prime factors of 2567223.
3, 19, 15013
List the prime factors of 662699.
23, 28813
List the prime factors of 3166478.
2, 7, 79, 409
What are the prime factors of 29577?
3, 9859
List the prime factors of 13593382.
2, 11, 56171
List the prime factors of 40919.
17, 29, 83
What are the prime factors of 113353?
263, 431
List the prime factors of 2908237.
37, 83, 947
What are the prime factors of 495083?
19, 71, 367
What are the prime factors of 79806?
2, 3, 47, 283
What are the prime factors of 4837532?
2, 7, 197, 877
What are the prime factors of 2457261?
3, 273029
What are the prime factors of 1051405?
5, 439, 479
List the prime factors of 212984.
2, 79, 337
What are the prime factors of 2156028?
2, 3, 7, 25667
What are the prime factors of 1857794?
2, 17, 101, 541
List the prime factors of 16676167.
17, 19, 3037
List the prime factors of 42011.
43, 977
List the prime factors of 68187.
3, 7, 17, 191
What are the prime factors of 501319?
7, 13, 787
What are the prime factors of 384689?
37, 281
What are the prime factors of 46009?
139, 331
What are the prime factors of 25871276?
2, 6467819
List the prime factors of 5045518.
2, 2522759
List the prime factors of 202156.
2, 50539
List the prime factors of 2269838.
2, 701, 1619
What are the prime factors of 3685859?
41, 89899
What are the prime factors of 1989721?
1989721
List the prime factors of 9456111.
3, 7, 150097
What are the prime factors of 6062035?
5, 7, 109, 227
List the prime factors of 111982.
2, 13, 59, 73
What are the prime factors of 978637?
11, 43, 2069
List the prime factors of 1652639.
19, 86981
List the prime factors of 3339310.
2, 5, 13, 17, 1511
What are the prime factors of 2645635?
5, 529127
What are the prime factors of 1682790?
2, 3, 5, 56093
What are the prime factors of 59527?
13, 19, 241
What are the prime factors of 42070?
2, 5, 7, 601
List the prime factors of 43374.
2, 3, 7229
List the prime factors of 2351981.
53, 199, 223
What are the prime factors of 7319883?
3, 19, 53, 2423
What are the prime factors of 176927?
176927
List the prime factors of 595996.
2, 37, 4027
List the prime factors of 263682.
2, 3, 19, 257
List the prime factors of 22687800.
2, 3, 5, 37813
What are the prime factors of 1390728?
2, 3, 57947
What are the prime factors of 1938991?
151, 12841
List the prime factors of 458142.
2, 3, 29, 2633
What are the prime factors of 772678?
2, 386339
List the prime factors of 16490526.
2, 3, 13, 53, 3989
What are the prime factors of 263087?
11, 23917
List the prime factors of 288308.
2, 72077
List the prime factors of 18870503.
29, 419, 1553
What are the prime factors of 141788?
2, 35447
What are the prime factors of 165537?
3, 6131
What are the prime factors of 3710540?
2, 5, 185527
What are the prime factors of 915571?
41, 137, 163
List the prime factors of 220474.
2, 110237
List the prime factors of 272827.
109, 2503
List the prime factors of 1428645.
3, 5, 23, 41, 101
What are the prime factors of 199532?
2, 83, 601
List the prime factors of 35051.
35051
List the prime factors of 19697169.
3, 17, 386219
What are the prime factors of 491443?
31, 83, 191
What are the prime factors of 5681892?
2, 3, 103, 4597
List the prime factors of 5155172.
2, 11, 117163
What are the prime factors of 5134421?
29, 47, 3767
What are the prime factors of 395323?
395323
What are the prime factors of 299568?
2, 3, 79
What are the prime factors of 323643?
3, 107881
What are the 